e -1704 = -5*l - i. Is (1 - 0) + -2 - l/8 composite?
True
Let o(r) = -r**3 - 25*r**2 + r - 30. Suppose 2*b = -4*w - 42, -2 = b + 4*w + 13. Is o(b) a composite number?
True
Suppose m - 30732 - 65339 = 5*p, 2*m = -5*p + 192142. Is m a prime number?
False
Let s = 248 + -242. Let o(l) = 55*l**2 - 14*l + 13. Is o(s) a composite number?
True
Let u be 0 + 1 + (3 - 2) + -2. Suppose u = 5*w - m - 16 - 1, w = 2*m - 2. Suppose 0 = -3*y - w*y + 20531. Is y a prime number?
False
Is (-15)/((-2205)/14) + (-38078345)/(-105) prime?
False
Let v = 122 + -212. Let h(d) = -145*d - 102. Let p be h(17). Let y = v - p. Is y prime?
True
Let c = 23970 + -13193. Is c prime?
False
Let x(r) = 69*r - 16. Let k be (-126)/4 + 2/4. Let j = k + 38. Is x(j) prime?
True
Suppose -14*i + 8225 - 2317 = 0. Suppose 425*s - i*s - 19041 = 0. Is s composite?
True
Let l(h) = -1336*h**3 - 2*h**2 - 2*h - 5. Let u = -275 + 273. Is l(u) a composite number?
True
Suppose -a + 3*m = -73 + 12, 3*a + 3*m = 183. Let c = 66 - a. Suppose -c*u = -6*u + 23. Is u a prime number?
True
Suppose -5*s - 2*k + 3254 = -3*s, -1627 = -s + k. Suppose -4*q + 13105 + s = 0. Is q prime?
False
Let w = -2180366 - -3206515. Is w composite?
True
Let b(a) = a - 12. Let o be b(10). Let i be -10 - (o - 3/(-3)). Is 1266*(-2 - 21/i) a composite number?
True
Suppose 0 = 64*u - 1879938 - 17106622. Is u composite?
True
Suppose -24*n + 598969 + 7461868 + 6204691 = 0. Is n a prime number?
True
Suppose o - 52631 = 4*y, -6*o = -0*y + y - 315761. Is o a composite number?
False
Let p(b) = 7354*b**2 + 58*b + 17. Is p(7) a composite number?
False
Let h(z) = z + 8. Let g be h(-6). Suppose -g*k = -5*u - 4, -3*k - 2 = 3*u - 8. Let q = u - -15. Is q a prime number?
False
Suppose 9444462 = 54*n - 404436. Is n prime?
True
Let a = 18071 - 7444. Is a composite?
False
Suppose 0 = -0*u - u + 3*z + 13675, -3*z = 4*u - 54700. Suppose 3*w - 4*i - u = 0, i = -17*w + 18*w - 4557. Is w prime?
False
Suppose -2*v - 5*p = 69, -4*v + 4*p - 130 = 6*p. Let o be ((-9)/(-4))/(4 + 132/v). Is (-536)/(-6) - (-6)/o a prime number?
True
Let w(l) = 6*l**3 + l**2 + 14*l**3 - 2 + l**2 - 5*l. Let p(x) = -17*x + 717. Let a be p(42). Is w(a) prime?
True
Let g(x) = 1894*x**3 + 4*x**2 - 4*x + 15. Is g(4) a prime number?
False
Let h be (-58962)/(-4) - (-11)/22 - -2. Suppose -24541 = -5*a + x, h = -0*a + 3*a + 4*x. Is a composite?
False
Let t be (4 + 18/(-2))/(-1) - 0. Is t/(90/(-4)) - (-58990)/18 a composite number?
True
Let k = 1927484 - 873939. Is k composite?
True
Let y(x) be the second derivative of x**6/8 + x**5/120 - x**4/24 + 17*x**3/6 + 7*x. Let j(w) be the second derivative of y(w). Is j(-1) composite?
False
Suppose -15*g = -3*g + 291792. Is g/(-2) - (-70)/(-14) composite?
True
Let l = -9780 - -20435. Suppose -l = -15*g + 3850. Is g composite?
False
Suppose -1486899 = 10*b - 19*b. Suppose 33*t = 178022 + b. Is t a prime number?
False
Let m = -169 - -174. Suppose -m*b + 19053 = -2*p, 5*p - 3043 - 4584 = -2*b. Is b a composite number?
True
Suppose -4*j = -2*t + 1 - 9, 4*j = -t + 14. Suppose -t*r + r + 855 = 3*i, -287 = -i - r. Let d = i + -165. Is d composite?
True
Let m = -7 - -8. Let h be 1*(m + 2 + -3) + 3. Suppose -h*u + 63 = -570. Is u composite?
False
Let n(h) = 58*h**2 - 19*h + 2. Let s be n(-18). Suppose -5*k - 3*w + s = -2*w, -5*k - 3*w = -19138. Is k a composite number?
True
Let x(w) = 8*w**3 - w**2 - 7*w + 6. Let s(n) = n**3 - 14*n**2 + 25*n - 8. Let i be s(12). Let y be x(i). Suppose 0 = 2*t + 4*t - y. Is t prime?
True
Is (160/10 - 8)*(-1084585)/(-20) prime?
False
Let f be (3/(-5))/(11/(-1290025)). Is (f/10)/((-6)/(-4)) composite?
False
Let x(o) be the second derivative of o**4/3 + o**3/3 + 23*o**2/2 + o. Suppose 8 + 34 = 6*j. Is x(j) a composite number?
False
Suppose -8*x - 123 - 229 = 0. Let o = x + 51. Is ((-4)/6)/(o + (-96505)/13785) a composite number?
False
Suppose 3*s = 3*y + 2026077, 3*y + 2017794 + 683636 = 4*s. Is s a composite number?
True
Let i = -647 - -759. Suppose -i*d + 114*d = 3274. Is d a prime number?
True
Suppose -4*g - i = -762479, 133795 + 247457 = 2*g - 2*i. Is g prime?
False
Suppose -2*m + 221 = 3*h, -2*h - m = -80 - 68. Suppose -k = -158 - h. Is k a composite number?
False
Let m(h) = -59068*h + 193. Is m(-1) prime?
False
Let b = -45 + 54. Suppose -b*z = -3*z + 84. Is 3272/(-4)*2*z/8 prime?
False
Is (-72)/(-36)*(-70743)/(-2) composite?
True
Suppose -200*x + 41882917 = -7782483. Is x a composite number?
True
Suppose 3*t - 58 - 201 = 2*z, t - 85 = z. Suppose 4*o + 6 = o, 3932 = 3*h + 2*o. Let i = h + t. Is i composite?
True
Let x be ((-69)/(-69))/(3/(-3921)). Suppose 0*s + 736 = -s. Let h = s - x. Is h a prime number?
True
Suppose -111*a = -108*a - 297219. Suppose 33*w - a = 20*w. Is w composite?
False
Let k(t) = 1092*t**2 - 10*t + 107. Is k(6) prime?
True
Let s(j) = -j**3 - j**2 - j. Let a(l) = -6*l**3 - 2*l**2 - 15*l - 11. Let d(q) = -a(q) - 2*s(q). Is d(10) a prime number?
True
Suppose -2007 = -q + 2012. Suppose 6*n = q + 7723. Is n prime?
False
Let a = 88 - 63. Suppose 6 = u - 2*u + j, a = 5*j. Is 132 + (1/u - 0) a composite number?
False
Is -26745*(-1143)/243 - 24/(-54) a prime number?
False
Let j = -13351 - -32624. Is j prime?
True
Suppose -21 + 1 = -4*h, 0 = 3*r + h + 451. Let c be (-8)/(-36) - r/(-36). Is (-2)/c + 4204/8 composite?
True
Suppose d + 4 = 4*v, -4*v + 0*d + 5*d = -20. Let r(q) = 20*q**3 - 15*q**2 + 25*q - 22. Let u be r(6). Suppose v = -8*j + 4*j + u. Is j a composite number?
False
Let p(q) = 1075*q**2 - 95*q + 61. Is p(-9) prime?
True
Suppose 0 = 5*u - 2*x - 364299, -34*x + 72892 = u - 39*x. Is u composite?
True
Let a(p) be the third derivative of p**4/8 + p**3/3 + 4*p**2. Let r be (-36)/(-8) + 3/12*-2. Is a(r) a composite number?
True
Let l be 24/(-18)*(-9)/6. Suppose -3*b + 240 = 2*i, l*i + 2*i + 5*b - 478 = 0. Suppose -4*n + 2*m + 1192 = 0, n - 415 = -4*m - i. Is n a prime number?
False
Let s(z) = -6408*z + 9085. Is s(-114) a composite number?
True
Let c(i) = 351*i - 1237. Is c(30) composite?
False
Suppose 10*b - 8*b = 5*d + 3, 3*b - 5*d - 7 = 0. Suppose b*n + 0*n = 5*m + 38957, -10 = 2*m. Is n a composite number?
False
Let a(h) be the third derivative of -11/24*h**4 - 5/2*h**3 + 1/15*h**5 + 0*h - 6*h**2 + 0. Is a(-14) a prime number?
False
Suppose -2*r + 1966 = 2*m, 3*m + r + 4903 = 8*m. Suppose 31*y = 34*y - m. Suppose u - 2*x - y = 1360, 0 = 4*u + x - 6748. Is u prime?
False
Let p be (-20)/6*6/(-5). Suppose -5*t = -p*n - 9, t = -t + 5*n - 10. Suppose -3*r + 7*r = -4*a + 1392, a - 352 = -t*r. Is a a composite number?
False
Let r = -53 + 55. Is (1561 - 25) + r + (-1 - -1) a composite number?
True
Let d(a) = -3*a + 38. Let t be d(9). Suppose -t*o + 7*o = 24. Let m(i) = -428*i - 50. Is m(o) a prime number?
False
Let v(c) = -3*c**3 - 189*c**2 - 100*c - 1093. Is v(-101) composite?
False
Suppose -607435 = -a + j, 152*a - 5*j = 149*a + 1822293. Is a a composite number?
True
Let q = -10349 - -134866. Is q a prime number?
False
Suppose -31808 + 10883 = -3*j. Is j + 4 + 2 + -10 a composite number?
False
Let r = 225 + -230. Is 4 + (r + 7255 - (5 - 0)) composite?
True
Suppose 146*d - 1228 = -352. Let k(j) = -13*j - 19. Let w(s) = -13*s - 19. Let p(z) = -6*k(z) + 5*w(z). Is p(d) composite?
False
Suppose -93013 - 41077 = -11*m. Let k = 15637 + m. Is k a prime number?
True
Let k = -7892 - -11603. Let o = k - -2746. Is o a prime number?
False
Let c = 14682 + 2635. Is c composite?
False
Suppose 4*u = a + 1414318, 2*u - a - 934367 + 227211 = 0. Is u composite?
True
Let h = 37 - 35. Suppose -3*d - 5*w + 15541 = 0, 5*d + h*w - w = 25887. Is d composite?
True
Let s = 352 - 692. Let o = 654 + s. Suppose -4*b - 110 = -o. Is b composite?
True
Let a(f) = -2*f**2 - 10*f - 8. Let w be a(-4). Let k be (-2)/(-2) + (w - -3). Is k/((-8)/(-414)) + 4 a composite number?
False
Let s = 291 + -287. Suppose 0 = -s*c + 160 + 116. Is c a prime number?
False
Let n(h) = 2*h**3 + 28*h**2 - 195*h + 103. Is n(42) a prime number?
False
Suppose 13*a + 6 = 7*a. Is ((-5118)/(-36))/(a/(-6)) prime?
True
Is ((-24)/(-60))/(2/(-14) - (-21848589)/152938065) prime?
False
Let h(x) = 7*x**2 - 3*x**2 + 10*x + 10*x**2 - 9 + 4*x**2. Is h(4) a prime number?
False
Let o be (-2 - 3/(1 + -4)) + 11832. Suppose 0 = -2*a - 3*f + o, a + 5*f - 3958 = 1940. Is a a comp